0. Suppose -4*l + c*l = 9. Suppose 3*u - 5*u + 192 = 4*r, u + l*r = 93. Calculate the remainder when u is divided by 35.
32
Let u be 1/(-2) + (-4)/24*-21. Suppose 11 = g + u*r, -42 = -3*g + g - r. What is the remainder when 39 is divided by g?
16
Let l = 28 - -29. Suppose 48 - 304 = 16*d. Calculate the remainder when l is divided by (12/d)/(3/(-120)).
27
Let q be 4*(-4 + 3 + (-25)/(-10)). Let i = 44 - q. Calculate the remainder when i is divided by 14.
10
Suppose 5*m - 7 = -3*w, 3*w = -2*m - m + 3. Let t be 44/(-8) + 1/m. Let h = 10 + t. What is the remainder when 11 is divided by h?
1
Let a = -3021 - -3028. What is the remainder when 66 is divided by a?
3
Let s be (2 - 1)*(-55 + 26). Calculate the remainder when 1 + (-2*1 - -38) is divided by (78/52)/(-1 + s/(-26)).
11
Let a(m) = -m**3 - m**2 + 9*m + 20. Let q be a(-3). Suppose q*z + 37 = 1357. Calculate the remainder when z is divided by 50.
20
What is the remainder when 113 is divided by (-6*32/240)/(6/(-5))*153?
11
Suppose -3*p - 2 = 4. Let r(c) = 15*c**2 + 7*c + 5. Let u be r(p). Let n = u + -9. What is the remainder when 123 is divided by n?
39
Suppose -4*h = -4*n - 18 - 114, 96 = -3*n + 2*h. Calculate the remainder when 131 is divided by (-36)/n - (-164)/5.
29
Let z = 35 - -52. Suppose 4*m + 110 - 22 = 2*w, -2*m + 220 = 5*w. What is the remainder when z is divided by w?
43
Let b = -1145 - -1317. What is the remainder when 493 is divided by b?
149
Suppose 1860 = -14*v + 138*v. Calculate the remainder when 277 is divided by v.
7
Suppose -50*x + 762 = -1188. Suppose -5*s + s + 1064 = 0. Calculate the remainder when s is divided by x.
32
Suppose -22*x + 11*x + 55 = 0. Let d(z) = 2*z**2 - 4*z + 40. What is the remainder when d(x) is divided by 24?
22
Suppose -4*c + 3 = -25. What is the remainder when c is divided by (-2)/(-2) + (-4 - -6) - (-14)/(-7)?
0
Let f be (3/4)/(2/(-24)). Let r be (-9)/f + (50 - -1). Suppose -j - z = -34, 3*j = 4*z + 36 + r. What is the remainder when j is divided by 5?
2
Let o(y) = 9*y**2 + 20*y**3 + 3*y + 16*y - 19*y**3 + 8*y**2 + 49. What is the remainder when 10 is divided by o(-16)?
0
Let j = -2306 + 3369. What is the remainder when j is divided by 24?
7
Suppose -c = 2*i + 16, 20*c - 24*c - 28 = -i. Let g(w) = -43*w - 323. Calculate the remainder when g(c) is divided by (-7)/(-3)*(-3)/(-1).
0
Let j(o) = 3*o**3 + 2*o**2 - 2*o. Let c be (1 + 1)*(-81)/18. Calculate the remainder when j(2) is divided by (10/(-225)*c)/((-1)/(-25)).
8
Let q = 27 + -37. Let m be (q/(-15))/((4/30)/1). Suppose 4*p + 215 = m*v, 4*p = -3*v + 118 - 21. What is the remainder when 191 is divided by v?
35
Suppose 2*p - 2*t = 2, 3 = -t + 2*t. Suppose -6*i + 15 = -i, p*u - 1905 = -3*i. Calculate the remainder when u is divided by 34.
32
Calculate the remainder when 295 is divided by (1 - (-374)/(-306)) + (-209)/(-9).
19
Suppose 0 = 5*r + 5, 12*i - 11*i = 4*r + 73. Suppose -203 = -2*y - 5*h, i = y - 3*h - h. What is the remainder when y is divided by 18?
17
Suppose 65 + 58 = -i. Let n = 62 + i. Let c = -5 - n. Calculate the remainder when c is divided by 21.
14
Suppose 8*g - 4*g - 28 = 0. Suppose -3*f = 3*u - 165, -8*f + g*f = -2. Suppose 4*q + u = 377. What is the remainder when q is divided by 22?
15
Let b(m) = 12*m**3 + 2*m**2 + 2*m + 1. Let g be b(-1). Let v = 2 - g. Let d(s) = -1808*s + 7236. Calculate the remainder when v is divided by d(4).
1
Suppose 10*x + 21 = -29. Let n(h) = h**3 + 8*h**2 + 9*h + 15. What is the remainder when n(x) is divided by 32?
13
Let i = -440 - -649. What is the remainder when i is divided by -28*(3/2 - 2)?
13
Suppose 12*g - 10*g - 3*f = 10, -3*g + 4*f + 15 = 0. Let c(n) = 2*n**2 - 7*n + 7. Calculate the remainder when 39 is divided by c(g).
17
Let z(c) = -c**2 - 4*c + 34. Let b be z(-8). Suppose -4*a + 10 = b. What is the remainder when 9/a*(-6)/(-1) is divided by 7?
6
Suppose 9*w - 1060 = -k + 8*w, -3*k + 2*w = -3180. Calculate the remainder when k is divided by 119.
108
Let k = 87 + -81. Suppose 0 = k*g - 2306 - 826. Suppose 18*c - 12*c - g = 0. What is the remainder when c is divided by 15?
12
Suppose -5 - 10 = 5*r, 5*r + 18 = y. Suppose 0*c + 320 = y*c + 5*s, -2*s - 4 = 0. Calculate the remainder when c is divided by 43.
24
Let q = 35818 + -35798. Calculate the remainder when 26 is divided by q.
6
Suppose -3*f - 4*n + 1 = 0, 5*n + 1 = -2*f + 2*n. Suppose f*q - 73 = 116. What is the remainder when 19 is divided by 3 + 1 - (19 - q)?
7
Let j = -56 + 136. Suppose 0 = -4*c - 2*a + j, -48 = -2*c - 0*c + 3*a. Calculate the remainder when 94 is divided by 112/6*18/c.
14
Let o(j) = 1124*j - 179787. Let q = 548 + -337. Calculate the remainder when q is divided by o(160).
52
Suppose 3*c - 567 = -2*q, q - 5*c - 294 = -17. Calculate the remainder when q is divided by 12.
6
Let h(r) = -r**2 - 12*r - 16. Let b be h(-10). Suppose b*m + 2*a + 2*a = 84, -4*a = m - 21. What is the remainder when 81 is divided by m?
18
Suppose -495 = -8*h + 753. Suppose -m - 40 = -4*s, -2*s + 4*m - 13 = -33. Calculate the remainder when h is divided by s.
6
Let s = -135 - -235. Let q be (-1 - -3)*(1 + -2). Calculate the remainder when s is divided by -1 + (1 + q)*-27.
22
Suppose -29*x - 1353 = -6370. What is the remainder when x is divided by 62?
49
Suppose -2*b - 270 = -2*i, b - 4*b + 411 = 3*i. Calculate the remainder when i is divided by 15.
1
What is the remainder when (3 - 14 - -6) + 105 is divided by 76?
24
Suppose 32*j - 17 - 47 = 0. Calculate the remainder when 4/12*(-10)/2*-3 is divided by j.
1
Let r(q) = q**3 - 2*q**2 + 2*q - 5. Suppose -8 + 28 = 5*p. Suppose 0 = p*y - h - 11, 2*y = -3*y + 2*h + 13. What is the remainder when 79 is divided by r(y)?
9
Let i(m) = 1357*m - 6696. Calculate the remainder when i(6) is divided by 357.
18
Let m = 376 + -356. Let k(f) = f**3 + 10*f**2 - 14*f - 9. What is the remainder when k(-9) is divided by m?
18
Suppose -45*r = -73 - 17. Suppose -r*f - 3*g = -4*g - 22, -4*f + g + 48 = 0. What is the remainder when 50 is divided by f?
11
Let y = -65 - -71. Suppose -2 = -y*f - 2. Suppose -o - 3 = 4*k - 5, k + 4 = f. Calculate the remainder when 50 is divided by o.
14
Suppose 3*v = 5*r + 61, -r + 2*v + 0 = 8. Let q = r - -29. Calculate the remainder when q is divided by (855/36 + -24)/((-2)/32).
3
Let f(v) = -173*v + 75. What is the remainder when 10424 is divided by f(0)?
74
Let u(b) = b**2 + 15*b - 4*b**2 + 2*b**2 + 48. Let v be u(14). Suppose -12*n + v = -11*n. What is the remainder when n is divided by 16?
14
Let y(x) = 2*x**2 + 31*x - 463. Let l(g) = g + 68. What is the remainder when l(0) is divided by y(-25)?
8
What is the remainder when (-19 + 22)/(12/512) is divided by 67?
61
Suppose -2*r = -4*l - 6, 3*r + 2*l = 1 + 8. Suppose -270 + 39 = -r*t. What is the remainder when t is divided by 26?
25
Let a = 18364 + -18359. What is the remainder when 2594 is divided by a?
4
Let d(o) = 19*o**2 + 8*o + 26. Calculate the remainder when 234 is divided by d(-2).
62
Let w(c) = -9*c + 3. Calculate the remainder when w(-3) is divided by (-29)/(-7) - (-26)/2730*-15.
2
Let b(d) = 4*d + 29. Suppose -28 = 2*x - 12. Let o be b(x). What is the remainder when (-39 + -1 + 2)/(2/o) is divided by 30?
27
Let y = -12533 - -12661. Calculate the remainder when 259 is divided by y.
3
Suppose -2*a - 25 = -7*a. Suppose 47 = a*j - 4*j. Suppose -37 = -2*m + j. What is the remainder when m is divided by 12?
6
Suppose -575*y = -610*y + 350. What is the remainder when 252 is divided by y?
2
Let j(t) = t - 5. Let i(g) = g**2 + 4*g + 6. Suppose 2*n + 23 = 11. Let f be i(n). Calculate the remainder when j(f) is divided by 3.
1
Let a(d) = -d**2 - 4*d + 24. Let h be a(-7). Suppose 15 + 0 = h*p - f, -2*p - 2*f = -2. Calculate the remainder when 35 is divided by p.
3
Let z = 98 - 93. Suppose -n = -z*f - 188, -n - 614 = -4*n + 5*f. Calculate the remainder when n is divided by 56.
45
Suppose 0 = 19*f - 18*f. Suppose f = 2*k - 5*z - 21, -z = -4*z - 15. Let t(u) = -5*u + 1. Calculate the remainder when 85 is divided by t(k).
8
Suppose 6*n - 7 = -37. Let k be (8/(-14))/(n - (-99)/21). What is the remainder when 44 is divided by (3 - 2)/(((-2)/(-15))/k)?
14
Calculate the remainder when 576 is divided by -36*(-6 + 391/69).
0
Let h(b) = 9*b - 151. Let l be h(9). What is the remainder when 24/4 - l -